t is the greatest common divisor of 2065 and 280?
35
What is the greatest common divisor of 89 and 3600851?
89
What is the highest common divisor of 12930 and 6610?
10
Calculate the greatest common factor of 272 and 4964.
68
What is the greatest common divisor of 340 and 83370?
10
What is the highest common divisor of 7473 and 173787?
159
Calculate the highest common factor of 4 and 1026820.
4
What is the highest common factor of 10857 and 154959?
987
What is the highest common divisor of 3184 and 70844?
796
What is the greatest common factor of 224 and 2611?
7
What is the highest common divisor of 3888 and 2736?
144
Calculate the greatest common divisor of 2640 and 10272.
48
Calculate the greatest common factor of 609 and 136689.
21
Calculate the greatest common factor of 1922 and 160704.
62
What is the greatest common divisor of 25 and 191375?
25
What is the highest common divisor of 439596 and 20?
4
Calculate the greatest common divisor of 106 and 149407.
53
What is the highest common divisor of 133 and 175?
7
Calculate the greatest common factor of 247 and 235087.
19
What is the greatest common divisor of 1363 and 6016?
47
Calculate the highest common factor of 556 and 341801.
139
What is the greatest common factor of 36 and 4630302?
18
What is the highest common factor of 387165 and 2385?
795
What is the greatest common factor of 427 and 4851?
7
What is the highest common factor of 44226 and 2275?
91
What is the highest common divisor of 14308008 and 208?
104
What is the highest common divisor of 1620 and 32805?
405
Calculate the greatest common factor of 24304 and 2436.
28
What is the greatest common factor of 493 and 41267?
29
Calculate the greatest common factor of 447 and 7003.
149
Calculate the greatest common factor of 417264 and 256.
16
What is the highest common divisor of 41005 and 13865?
295
What is the greatest common divisor of 32376 and 152?
152
What is the greatest common divisor of 1516 and 582902?
758
Calculate the greatest common divisor of 2555 and 88403.
511
Calculate the greatest common factor of 324059 and 2995.
599
Calculate the greatest common divisor of 4800 and 2700.
300
Calculate the highest common factor of 4956 and 175.
7
What is the highest common factor of 657 and 1611?
9
Calculate the greatest common factor of 50682 and 24.
6
What is the highest common divisor of 994 and 12993?
71
Calculate the greatest common factor of 1006 and 3990802.
1006
What is the highest common divisor of 1305 and 4930?
145
Calculate the highest common factor of 295 and 104489.
59
What is the greatest common divisor of 495 and 2925?
45
What is the highest common divisor of 36776 and 448?
8
What is the greatest common divisor of 13992 and 297?
33
What is the greatest common factor of 436 and 37823?
109
Calculate the highest common factor of 6336 and 12562.
22
Calculate the highest common factor of 697 and 56270.
17
What is the greatest common factor of 54704 and 884?
52
What is the highest common divisor of 873903 and 444?
111
What is the highest common factor of 113511 and 51333?
723
Calculate the highest common divisor of 4417920 and 540.
180
What is the highest common factor of 968 and 5505258?
242
What is the greatest common divisor of 113 and 4022122?
113
What is the highest common factor of 97270 and 142?
142
What is the highest common divisor of 59575 and 50?
25
What is the greatest common factor of 140 and 14385?
35
Calculate the highest common divisor of 516402 and 438.
438
What is the highest common divisor of 13021 and 2175?
29
Calculate the highest common divisor of 50511 and 81699.
339
What is the highest common factor of 87798 and 12?
6
What is the greatest common divisor of 25 and 22980?
5
Calculate the highest common divisor of 1047495 and 15.
15
What is the greatest common divisor of 9 and 438?
3
Calculate the highest common factor of 1470 and 12660.
30
Calculate the greatest common factor of 1848 and 33432.
168
What is the highest common factor of 18 and 947610?
18
What is the highest common factor of 656 and 25904?
16
Calculate the highest common divisor of 856 and 946522.
214
Calculate the greatest common factor of 12480 and 1920.
960
Calculate the greatest common factor of 1400 and 25970.
70
What is the highest common divisor of 715 and 125411?
143
Calculate the highest common factor of 124 and 6541.
31
What is the highest common divisor of 906 and 81842?
302
Calculate the highest common factor of 1533955 and 435.
145
Calculate the greatest common factor of 315497 and 364.
91
Calculate the highest common divisor of 3684 and 2076.
12
Calculate the greatest common factor of 34 and 25109.
17
Calculate the highest common divisor of 20 and 989630.
10
What is the greatest common factor of 360 and 34680?
120
What is the greatest common divisor of 104 and 46696?
104
What is the greatest common divisor of 321664 and 1008?
112
Calculate the highest common divisor of 9 and 1940904.
9
Calculate the greatest common divisor of 386525 and 150.
25
What is the greatest common factor of 394480 and 30?
10
What is the highest common factor of 13368 and 2820?
12
What is the highest common factor of 153 and 272?
17
Calculate the highest common factor of 147 and 18753.
21
What is the greatest common factor of 2536 and 1668054?
634
Calculate the greatest common divisor of 9963 and 225.
9
Calculate the greatest common divisor of 4764 and 972.
12
Calculate the greatest common factor of 96460 and 318.
106
Calculate the greatest common factor of 448 and 43264.
64
Calculate the greatest common divisor of 111 and 5318121.
111
Calculate the highest common divisor of 29550 and 244674.
1182
What is the greatest common factor of 195 and 174495?
15
Calculate the greatest common divisor of 712485 and 2769.
213
What is the greatest common divisor of 559054 and 994?
142
Calculate the greatest common factor of 177 and 67673.
59
Calculate the greatest common divisor of 608 and 1292.
76
Calculate the greatest common factor of 432 and 39.
3
Calculate the greatest common divisor of 25328 and 72.
8
Calculate the greatest common divisor of 1788128 and 1904.
272
Calculate the greatest common divisor of 383990 and 90.
10
Calculate the highest common divisor of 88 and 11567512.
88
What is the greatest common divisor of 9 and 206163?
9
What is the greatest common factor of 19789 and 4928?
77
Calculate the highest common factor of 4862 and 1683.
187
What is the highest common divisor of 308 and 329714?
154
What is the greatest common divisor of 11102 and 252?
14
Calculate the highest common divisor of 7775 and 1675.
25
Calculate the highest common divisor of 109350 and 6850.
50
Calculate the highest common divisor of 1225 and 18081.
49
What is the greatest common factor of 15144 and 4584?
24
Calculate the highest common divisor of 304116 and 24.
12
What is the greatest common divisor of 506630 and 870?
290
What is the highest common factor of 7 and 1077?
1
Calculate the greatest common factor of 10 and 112250.
10
Calculate the greatest common factor of 1392 and 118146.
174
What is the highest common divisor of 6324 and 56508?
204
What is the highest common divisor of 2265 and 6450?
15
Calculate the highest common factor of 175 and 272951.
7
What is the greatest common factor of 61586 and 53?
53
What is the highest common factor of 1061368 and 176?
88
Calculate the highest common divisor of 90 and 3590.
10
Calculate the highest common factor of 15295 and 14820.
95
What is the highest common divisor of 133210 and 28?
14
Calculate the highest common factor of 8680 and 350.
70
Calculate the highest common factor of 5746 and 2686.
34
Calculate the highest common factor of 572 and 3652.
44
What is the greatest common divisor of 5214 and 202477?
869
What is the highest common divisor of 1446 and 587558?
482
Calculate the greatest common factor of 54821 and 4927.
13
What is the highest common divisor of 675 and 99819?
27
What is the highest common divisor of 586 and 343103?
293
What is the greatest common factor of 26331 and 393?
393
What is the greatest common factor of 246 and 1147467?
123
What is the greatest common divisor of 50 and 923275?
25
What is the greatest common factor of 126 and 84588?
42
Calculate the greatest common factor of 49676 and 44.
44
What is